{"id":2078,"date":"2019-08-02T11:08:34","date_gmt":"2019-08-02T09:08:34","guid":{"rendered":"http:\/\/wedesignthemes.com\/themes\/spalab\/?page_id=2078"},"modified":"2022-10-07T17:36:47","modified_gmt":"2022-10-07T15:36:47","slug":"soin-de-l-ame-feminine","status":"publish","type":"page","link":"https:\/\/www.plumlune.ch\/fr\/soin-de-l-ame-feminine\/","title":{"rendered":"Soin de l&rsquo;\u00e2me f\u00e9minine"},"content":{"rendered":"<p>[vc_row][vc_column]<div class='dt-sc-title with-two-border with-sub-title '><h2>Le Soin de l'\u00c2me f\u00e9minine<\/h2><h3>\u00ab Je n\u2019ai comme racines que la femme que je suis \u00bb Marianne Grasseli Meier<\/h3><\/div>[vc_column_text css_animation=\u00a0\u00bbfadeInUp\u00a0\u00bb css=\u00a0\u00bb.vc_custom_1638629461691{margin-bottom: 10px !important;}\u00a0\u00bb]<\/p>\n<p style=\"text-align: center;\">Le Soin de l\u2019\u00c2me f\u00e9minine permet d\u2019\u00e9veiller en douceur les aspects de notre f\u00e9minit\u00e9 et de les \u00e9quilibrer.<\/p>\n<p style=\"text-align: center;\">il a aussi pour but d\u2019activer les 3 principaux centres d\u2019\u00e9nergie de la femme (appel\u00e9s portails)<br \/>\net de la circulation d\u2019\u00e9nergie entre eux. Ces centres sont\u00a0 :<\/p>\n<p>&nbsp;<\/p>\n<p style=\"text-align: center;\">&#8211; L\u2019Hypophyse (aussi appel\u00e9e glande pituitaire), dans le cerveau, qui r\u00e9gule les hormones sexuelles f\u00e9minines,<br \/>\net qui refl\u00e8te l\u2019\u00e9veil spirituel et la connexion Universelle.<\/p>\n<p style=\"text-align: center;\">&#8211; Le Centre du C\u0153ur, reli\u00e9 \u00e0 la poitrine et aux mains, qui d\u00e9tient l\u2019abondance et la g\u00e9n\u00e9rosit\u00e9,<br \/>\net qui refl\u00e8te les relations sociales et les connexions.<\/p>\n<p style=\"text-align: center;\">&#8211; L\u2019Ut\u00e9rus, le centre de la relation \u00e0 la Terre, \u00e0 la M\u00e8re, et au Monde, ainsi que l\u2019intimit\u00e9,<br \/>\nla cr\u00e9ativit\u00e9, la sexualit\u00e9 sensuelle et la spiritualit\u00e9 f\u00e9minine.<\/p>\n<p>[\/vc_column_text]<div id=\"\" class=\"dt-sc-empty-space\"><\/div>[vc_column_inner width=\u00a0\u00bb4\/4&Prime;]<\/p>\n<p><center><img decoding=\"async\" class=\"shadowbox bounceIn\" style=\"width: 800px; height: auto; margin-top: 15px;\" src=\"https:\/\/www.plumlune.ch\/fr\/wp-content\/uploads\/2019\/08\/soin-de-l-ame-feminine-1.jpg\" \/><\/center><br \/>\n[\/vc_column_inner][\/vc_column][\/vc_row][vc_row][vc_column][vc_column_text]<\/p>\n<div style=\"padding: 15px; background: rgba(0,0,0,0.01); border: solid 1px rgba(0,0,0,0.05); margin-top: 25px;\">\n<p>Il s\u2019agit d\u2019un soin spirituel qui aide \u00e0 avancer plus rapidement dans notre qu\u00eate du F\u00e9minin. Ce soin de l\u2019\u00c2me f\u00e9minine \u00e9l\u00e8ve le taux vibratoire, aide le cycle hormonal \u00e0 se r\u00e9guler naturellement, gu\u00e9rit les blessures du pass\u00e9, exprime la f\u00e9minit\u00e9 de mani\u00e8re plus authentique et plus libre, et augmente notre pouvoir d\u2019agir en fortifiant la confiance et la force int\u00e9rieure.<\/p>\n<\/div>\n<p>[\/vc_column_text][\/vc_column][\/vc_row][vc_row][vc_column][vc_column_text]<\/p>\n<div class=\"inbox\">\n<p>[vc_column_text css_animation=\u00a0\u00bbfadeInUp\u00a0\u00bb]<\/p>\n<p><h2 class='hr-title'><span> SOIN \/ S\u00c9ANCE<\/span><\/h2><br \/>\n[vc_column_inner width=\u00a0\u00bb1\/4&Prime;]<br \/>\n<div class='dt-sc-icon-box type3 style bounce-in'><div class=\"icon-wrapper\"><span><img loading=\"lazy\" decoding=\"async\" width=\"180\" height=\"180\" src=\"https:\/\/www.plumlune.ch\/fr\/wp-content\/uploads\/2021\/12\/ico-home6.png\" class=\"attachment-full\" alt=\"\" srcset=\"https:\/\/www.plumlune.ch\/fr\/wp-content\/uploads\/2021\/12\/ico-home6.png 180w, https:\/\/www.plumlune.ch\/fr\/wp-content\/uploads\/2021\/12\/ico-home6-150x150.png 150w\" sizes=\"auto, (max-width: 180px) 100vw, 180px\" \/><\/span><\/div><div class=\"icon-content\"><p><strong>Le soin de l&rsquo;\u00c2me f\u00e9minine<\/strong><\/p><\/div><\/div><br \/>\n[\/vc_column_inner]<br \/>\n[vc_column_inner width=\u00a0\u00bb3\/4&Prime;]<\/p>\n<p style=\"margin-top:28px;\">\n<strong>Tarif :<\/strong> 100 CHF<br \/>\n<strong>Dur\u00e9e :<\/strong> environ 45 minutes<\/p>\n<p><strong>Pour qui ?<\/strong> : pour les femmes (avec ou sans ut\u00e9rus, avec ou sans cycle)<br \/>\n<span style=\"margin-left:96px;\">et les adolescentes (ayant d\u00e9j\u00e0 eu leurs premi\u00e8res r\u00e8gles)<\/p>\n<p><strong>D\u00e9roulement<\/strong> : La femme qui re\u00e7oit le soin est habill\u00e9e et en position allong\u00e9e.\n<\/p>\n<p>[\/vc_column_inner]<br \/>\n<div id=\"1542179026035-4309ede2-372d\" class=\"dt-sc-empty-space\"><\/div>\n<div id=\"1542179026035-4309ede2-372d\" class=\"dt-sc-empty-space\"><\/div>[\/vc_column_text][\/vc_column][\/vc_row][vc_row][vc_column][vc_column_text]<br \/>\n[\/vc_column_text][\/vc_column][\/vc_row][vc_row][vc_column]<h2 class='hr-title'><span>Comment fixer un rendez-vous<\/span><\/h2><div id=\"\" class=\"dt-sc-empty-space\"><\/div>[\/vc_column][vc_column css_animation=\u00a0\u00bbbounceIn\u00a0\u00bb width=\u00a0\u00bb1\/3&Prime;][vc_column_text]<a class='dt-sc-colored-big-buttons with-left-icon blue ' target=' _blank' title='' href='tel:00798161995'> <span class='pe-icon pe-phone'> <\/span> Contact <br> <strong>T\u00e9l\u00e9phone<\/strong> <\/a>[\/vc_column_text][\/vc_column][vc_column css_animation=\u00a0\u00bbbounceIn\u00a0\u00bb width=\u00a0\u00bb1\/3&Prime;][vc_column_text]<a class='dt-sc-colored-big-buttons with-left-icon orange ' target=' _blank' title='' href='mailto:maelle@plumlune.ch'> <span class='pe-icon pe-mail'> <\/span> Contact <br> <strong>e-mail<\/strong> <\/a>[\/vc_column_text][\/vc_column][vc_column css_animation=\u00a0\u00bbbounceIn\u00a0\u00bb width=\u00a0\u00bb1\/3&Prime;][vc_column_text]<a class='dt-sc-colored-big-buttons with-left-icon green ' target=' _blank' title='' href='https:\/\/www.plumlune.ch\/fr\/appointments\/'> <span class='pe-icon pe-note2'> <\/span> Contact <br> <strong>formulaire<\/strong> <\/a>[\/vc_column_text][\/vc_column][\/vc_row]<\/p>\n<\/div>\n","protected":false},"excerpt":{"rendered":"<p>[vc_row][vc_column]Le Soin de l&rsquo;\u00c2me f\u00e9minine\u00ab Je n\u2019ai comme racines que la femme que je suis \u00bb Marianne Grasseli Meier[vc_column_text css_animation=\u00a0\u00bbfadeInUp\u00a0\u00bb css=\u00a0\u00bb.vc_custom_1638629461691{margin-bottom: 10px !important;}\u00a0\u00bb] Le Soin de l\u2019\u00c2me f\u00e9minine permet d\u2019\u00e9veiller en douceur les aspects de notre f\u00e9minit\u00e9 et de les \u00e9quilibrer. il a aussi pour but d\u2019activer les 3 principaux centres d\u2019\u00e9nergie de la femme [&hellip;]<\/p>\n","protected":false},"author":1,"featured_media":0,"parent":0,"menu_order":0,"comment_status":"open","ping_status":"closed","template":"","meta":{"footnotes":""},"class_list":["post-2078","page","type-page","status-publish","hentry"],"_links":{"self":[{"href":"https:\/\/www.plumlune.ch\/fr\/wp-json\/wp\/v2\/pages\/2078","targetHints":{"allow":["GET"]}}],"collection":[{"href":"https:\/\/www.plumlune.ch\/fr\/wp-json\/wp\/v2\/pages"}],"about":[{"href":"https:\/\/www.plumlune.ch\/fr\/wp-json\/wp\/v2\/types\/page"}],"author":[{"embeddable":true,"href":"https:\/\/www.plumlune.ch\/fr\/wp-json\/wp\/v2\/users\/1"}],"replies":[{"embeddable":true,"href":"https:\/\/www.plumlune.ch\/fr\/wp-json\/wp\/v2\/comments?post=2078"}],"version-history":[{"count":88,"href":"https:\/\/www.plumlune.ch\/fr\/wp-json\/wp\/v2\/pages\/2078\/revisions"}],"predecessor-version":[{"id":10440,"href":"https:\/\/www.plumlune.ch\/fr\/wp-json\/wp\/v2\/pages\/2078\/revisions\/10440"}],"wp:attachment":[{"href":"https:\/\/www.plumlune.ch\/fr\/wp-json\/wp\/v2\/media?parent=2078"}],"curies":[{"name":"wp","href":"https:\/\/api.w.org\/{rel}","templated":true}]}}

Soin de l&rsquo;âme féminine

<p>[vc_row][vc_column]<div class='dt-sc-title with-two-border with-sub-title '><h2>Le Soin de l'Âme féminine</h2><h3>« Je n’ai comme racines que la femme que je suis » Marianne Grasseli Meier</h3></div>[vc_column_text css_animation= »fadeInUp » css= ».vc_custom_1638629461691{margin-bottom: 10px !important;} »]</p>
<p style="text-align: center;">Le Soin de l’Âme féminine permet d’éveiller en douceur les aspects de notre féminité et de les équilibrer.</p>
<p style="text-align: center;">il a aussi pour but d’activer les 3 principaux centres d’énergie de la femme (appelés portails)<br />
et de la circulation d’énergie entre eux. Ces centres sont  :</p>
<p>&nbsp;</p>
<p style="text-align: center;">&#8211; L’Hypophyse (aussi appelée glande pituitaire), dans le cerveau, qui régule les hormones sexuelles féminines,<br />
et qui reflète l’éveil spirituel et la connexion Universelle.</p>
<p style="text-align: center;">&#8211; Le Centre du Cœur, relié à la poitrine et aux mains, qui détient l’abondance et la générosité,<br />
et qui reflète les relations sociales et les connexions.</p>
<p style="text-align: center;">&#8211; L’Utérus, le centre de la relation à la Terre, à la Mère, et au Monde, ainsi que l’intimité,<br />
la créativité, la sexualité sensuelle et la spiritualité féminine.</p>
<p>[/vc_column_text]<div id="" class="dt-sc-empty-space"></div>[vc_column_inner width= »4/4&Prime;]</p>
<p><center><img decoding="async" class="shadowbox bounceIn" style="width: 800px; height: auto; margin-top: 15px;" src="https://www.plumlune.ch/fr/wp-content/uploads/2019/08/soin-de-l-ame-feminine-1.jpg" /></center><br />
[/vc_column_inner][/vc_column][/vc_row][vc_row][vc_column][vc_column_text]</p>
<div style="padding: 15px; background: rgba(0,0,0,0.01); border: solid 1px rgba(0,0,0,0.05); margin-top: 25px;">
<p>Il s’agit d’un soin spirituel qui aide à avancer plus rapidement dans notre quête du Féminin. Ce soin de l’Âme féminine élève le taux vibratoire, aide le cycle hormonal à se réguler naturellement, guérit les blessures du passé, exprime la féminité de manière plus authentique et plus libre, et augmente notre pouvoir d’agir en fortifiant la confiance et la force intérieure.</p>
</div>
<p>[/vc_column_text][/vc_column][/vc_row][vc_row][vc_column][vc_column_text]</p>
<div class="inbox">
<p>[vc_column_text css_animation= »fadeInUp »]</p>
<p><h2 class='hr-title'><span> SOIN / SÉANCE</span></h2><br />
[vc_column_inner width= »1/4&Prime;]<br />
<div class='dt-sc-icon-box type3 style bounce-in'><div class="icon-wrapper"><span><img loading="lazy" decoding="async" width="180" height="180" src="https://www.plumlune.ch/fr/wp-content/uploads/2021/12/ico-home6.png" class="attachment-full" alt="" srcset="https://www.plumlune.ch/fr/wp-content/uploads/2021/12/ico-home6.png 180w, https://www.plumlune.ch/fr/wp-content/uploads/2021/12/ico-home6-150x150.png 150w" sizes="auto, (max-width: 180px) 100vw, 180px" /></span></div><div class="icon-content"><p><strong>Le soin de l&rsquo;Âme féminine</strong></p></div></div><br />
[/vc_column_inner]<br />
[vc_column_inner width= »3/4&Prime;]</p>
<p style="margin-top:28px;">
<strong>Tarif :</strong> 100 CHF<br />
<strong>Durée :</strong> environ 45 minutes</p>
<p><strong>Pour qui ?</strong> : pour les femmes (avec ou sans utérus, avec ou sans cycle)<br />
<span style="margin-left:96px;">et les adolescentes (ayant déjà eu leurs premières règles)</p>
<p><strong>Déroulement</strong> : La femme qui reçoit le soin est habillée et en position allongée.
</p>
<p>[/vc_column_inner]<br />
<div id="1542179026035-4309ede2-372d" class="dt-sc-empty-space"></div>
<div id="1542179026035-4309ede2-372d" class="dt-sc-empty-space"></div>[/vc_column_text][/vc_column][/vc_row][vc_row][vc_column][vc_column_text]<br />
[/vc_column_text][/vc_column][/vc_row][vc_row][vc_column]<h2 class='hr-title'><span>Comment fixer un rendez-vous</span></h2><div id="" class="dt-sc-empty-space"></div>[/vc_column][vc_column css_animation= »bounceIn » width= »1/3&Prime;][vc_column_text]<a class='dt-sc-colored-big-buttons with-left-icon blue ' target=' _blank' title='' href='tel:00798161995'> <span class='pe-icon pe-phone'> </span> Contact <br> <strong>Téléphone</strong> </a>[/vc_column_text][/vc_column][vc_column css_animation= »bounceIn » width= »1/3&Prime;][vc_column_text]<a class='dt-sc-colored-big-buttons with-left-icon orange ' target=' _blank' title='' href='mailto:maelle@plumlune.ch'> <span class='pe-icon pe-mail'> </span> Contact <br> <strong>e-mail</strong> </a>[/vc_column_text][/vc_column][vc_column css_animation= »bounceIn » width= »1/3&Prime;][vc_column_text]<a class='dt-sc-colored-big-buttons with-left-icon green ' target=' _blank' title='' href='https://www.plumlune.ch/fr/appointments/'> <span class='pe-icon pe-note2'> </span> Contact <br> <strong>formulaire</strong> </a>[/vc_column_text][/vc_column][/vc_row]</p>
</div>

<p>[vc_row][vc_column]Le Soin de l&rsquo;Âme féminine« Je n’ai comme racines que la femme que je suis » Marianne Grasseli Meier[vc_column_text css_animation= »fadeInUp » css= ».vc_custom_1638629461691{margin-bottom: 10px !important;} »] Le Soin de l’Âme féminine permet d’éveiller en douceur les aspects de notre féminité et de les équilibrer. il a aussi pour but d’activer les 3 principaux centres d’énergie de la femme [&hellip;]</p>
